{"id":41,"date":"2011-02-28T23:04:40","date_gmt":"2011-02-28T23:04:40","guid":{"rendered":"http:\/\/bzyczek.eu\/?page_id=41"},"modified":"2023-08-06T17:49:13","modified_gmt":"2023-08-06T17:49:13","slug":"zapisy","status":"publish","type":"page","link":"https:\/\/bzyczek.eu\/?page_id=41","title":{"rendered":"Zapisy"},"content":{"rendered":"<p>Zapisy do Przedszkola prowadzimy przez ca\u0142y rok, je\u015bli tylko s\u0105 wolne miejsca. Zainteresowani rodzice mog\u0105 si\u0119 um\u00f3wi\u0107 telefonicznie na wizyt\u0119, podczas kt\u00f3rej odpowiemy na wszelkie pytania, poka\u017cemy plac\u00f3wk\u0119.<\/p>\n<p>Aby zarezerwowa\u0107 miejsce w &#8222;BZYCZKU&#8221; nale\u017cy podpisa\u0107 umow\u0119, wype\u0142ni\u0107 ankiet\u0119 dotycz\u0105c\u0105 dziecka oraz wp\u0142aci\u0107 wpisowe w wysoko\u015bci 500 z\u0142 na konto plac\u00f3wki.<\/p>\n<p>&nbsp;<\/p>\n<p>Nr konta przedszkola:&nbsp; &nbsp;38 1140 2004 0000 3502 4320 2296<\/p>\n\n\n<p><\/p>\n","protected":false},"excerpt":{"rendered":"<p>Zapisy do Przedszkola prowadzimy przez ca\u0142y rok, je\u015bli tylko s\u0105 wolne miejsca. Zainteresowani rodzice mog\u0105 si\u0119 um\u00f3wi\u0107 telefonicznie na wizyt\u0119, podczas kt\u00f3rej odpowiemy na wszelkie pytania, poka\u017cemy plac\u00f3wk\u0119. Aby zarezerwowa\u0107 miejsce w &#8222;BZYCZKU&#8221; nale\u017cy podpisa\u0107 umow\u0119, wype\u0142ni\u0107 ankiet\u0119 dotycz\u0105c\u0105 dziecka oraz wp\u0142aci\u0107 wpisowe w wysoko\u015bci 500 z\u0142 na konto plac\u00f3wki. &nbsp; Nr konta przedszkola:&nbsp; &nbsp;38 1140 2004 0000 3502 4320 2296<\/p>\n","protected":false},"author":1,"featured_media":0,"parent":0,"menu_order":7,"comment_status":"closed","ping_status":"closed","template":"","meta":{"ngg_post_thumbnail":0},"_links":{"self":[{"href":"https:\/\/bzyczek.eu\/index.php?rest_route=\/wp\/v2\/pages\/41"}],"collection":[{"href":"https:\/\/bzyczek.eu\/index.php?rest_route=\/wp\/v2\/pages"}],"about":[{"href":"https:\/\/bzyczek.eu\/index.php?rest_route=\/wp\/v2\/types\/page"}],"author":[{"embeddable":true,"href":"https:\/\/bzyczek.eu\/index.php?rest_route=\/wp\/v2\/users\/1"}],"replies":[{"embeddable":true,"href":"https:\/\/bzyczek.eu\/index.php?rest_route=%2Fwp%2Fv2%2Fcomments&post=41"}],"version-history":[{"count":33,"href":"https:\/\/bzyczek.eu\/index.php?rest_route=\/wp\/v2\/pages\/41\/revisions"}],"predecessor-version":[{"id":3159,"href":"https:\/\/bzyczek.eu\/index.php?rest_route=\/wp\/v2\/pages\/41\/revisions\/3159"}],"wp:attachment":[{"href":"https:\/\/bzyczek.eu\/index.php?rest_route=%2Fwp%2Fv2%2Fmedia&parent=41"}],"curies":[{"name":"wp","href":"https:\/\/api.w.org\/{rel}","templated":true}]}}