{"id":127,"date":"2011-03-02T21:15:27","date_gmt":"2011-03-02T21:15:27","guid":{"rendered":"http:\/\/bzyczek.eu\/?page_id=127"},"modified":"2023-08-08T21:16:26","modified_gmt":"2023-08-08T21:16:26","slug":"oferta","status":"publish","type":"page","link":"https:\/\/bzyczek.eu\/?page_id=127","title":{"rendered":"Oferta"},"content":{"rendered":"\n<p class=\"MsoNormal\">Proponujemy Pa\u0144stwa Dzieciom i Pa\u0144stwu ofert\u0119 jak najlepsz\u0105. Dok\u0142adamy wszelkich stara\u0144, by cena by\u0142a przyst\u0119pna, a jako\u015b\u0107 us\u0142ug wysoka. Mamy nadziej\u0119 spe\u0142ni\u0107 wszystkie Pa\u0144stwa oczekiwania.<\/p>\n\n\n\n<p><\/p>\n\n\n\n<p><br><\/p>\n\n\n\n<p class=\"MsoNormal\"><strong><span style=\"text-decoration: underline;\"><span class=\"has-inline-color has-vivid-cyan-blue-color\">Czesne obejmuje<\/span>:<\/span><\/strong><\/p>\n\n\n\n<ul><li>ca\u0142odzienne wy\u017cywienie (\u015bniadanie, obiad, podwieczorek)<\/li><li>realizacj\u0119 podstawy programowej wychowania przedszkolnego<\/li><li>nauk\u0119 j\u0119zyka angielskiego<\/li><li>zaj\u0119cia korekcyjne<\/li><li>rytmik\u0119<\/li><li>taniec<\/li><li>zaj\u0119cia informatyczno-programowe na tabletach<\/li><li>warsztaty teatralne<\/li><li>warsztaty kulinarne<\/li><li>warsztaty plastyczne<\/li><li>warsztaty og\u00f3lnoedukacyjne &#8211; poznawanie \u015bwiata<br><br><\/li><\/ul>\n\n\n\n<p class=\"has-vivid-purple-color has-text-color\"><strong>Dodatkowe propozycje:<\/strong><\/p>\n\n\n\n<ul><li>zaj\u0119cia logopedyczne<\/li><li>lego robotyka<\/li><li>zaj\u0119cia sportowe karate<\/li><\/ul>\n\n\n\n<p><br><\/p>\n\n\n\n<p>Nasze przedszkolaki maj\u0105 do dyspozycji <strong><mark style=\"background-color:rgba(0, 0, 0, 0);color:#26d100\" class=\"has-inline-color\">najwi\u0119kszy w okolicy, zielony plac zabaw<\/mark><\/strong>.<br><br><\/p>\n\n\n\n<p>Przedszkole &#8222;Bzyczek&#8221; czynne jest przez <strong><mark style=\"background-color:rgba(0, 0, 0, 0);color:#ec1212\" class=\"has-inline-color\">ca\u0142y rok<\/mark><\/strong> w dogodnych godzinach tj. <strong><mark style=\"background-color:rgba(0, 0, 0, 0);color:#ec1212\" class=\"has-inline-color\">6:30-18:00<\/mark><\/strong>.&nbsp;<br>Z pewno\u015bci\u0105 pozwoli to Pa\u0144stwu bez problem\u00f3w organizowa\u0107 ka\u017cdy dzie\u0144.<br><br><\/p>\n\n\n\n<p class=\"has-cyan-bluish-gray-color has-text-color\"><strong>Cennik:<\/strong><\/p>\n\n\n\n<figure class=\"wp-block-table\"><table><thead><tr><th scope=\"col\">Przedmiot op\u0142aty<\/th><th scope=\"col\">cena<\/th><\/tr><\/thead><tbody><tr><td>Czesne<\/td><td>1000 z\u0142 \/mies.<\/td><\/tr><tr><td>Wpisowe<sup>*<\/sup><\/td><td>&nbsp;500 z\u0142<\/td><\/tr><tr><td>D\u0142u\u017csza (miesi\u0105c lub wi\u0119cej) absencja Dziecka w plac\u00f3wce<\/td><td>400 z\u0142 \/mies.<\/td><\/tr><\/tbody><\/table><\/figure>\n\n\n\n<p><span style=\"font-size: 12pt; font-family: 'Times New Roman';\"><br><\/span><\/p>\n\n\n\n<p>* &#8211; op\u0142ata jednorazowa uiszczana w momencie podpisania umowy<\/p>\n\n\n\n<p>Dla <span style=\"color: #008000;\"><strong><span class=\"has-inline-color has-luminous-vivid-orange-color\">Rodze\u0144stw<\/span><\/strong><\/span> obowi\u0105zuje sta\u0142a zni\u017cka ustalana przy podpisywaniu umowy.<\/p>\n","protected":false},"excerpt":{"rendered":"<p>Proponujemy Pa\u0144stwa Dzieciom i Pa\u0144stwu ofert\u0119 jak najlepsz\u0105. Dok\u0142adamy wszelkich stara\u0144, by cena by\u0142a przyst\u0119pna, a jako\u015b\u0107 us\u0142ug wysoka. Mamy nadziej\u0119 spe\u0142ni\u0107 wszystkie Pa\u0144stwa oczekiwania. Czesne obejmuje: ca\u0142odzienne wy\u017cywienie (\u015bniadanie, obiad, podwieczorek) realizacj\u0119 podstawy programowej wychowania przedszkolnego nauk\u0119 j\u0119zyka angielskiego zaj\u0119cia korekcyjne rytmik\u0119 taniec zaj\u0119cia informatyczno-programowe na tabletach warsztaty teatralne warsztaty kulinarne warsztaty plastyczne warsztaty og\u00f3lnoedukacyjne &#8211; poznawanie \u015bwiata Dodatkowe propozycje: zaj\u0119cia logopedyczne lego robotyka zaj\u0119cia sportowe karate Nasze przedszkolaki maj\u0105 do dyspozycji najwi\u0119kszy w okolicy, zielony plac zabaw. Przedszkole &#8222;Bzyczek&#8221; czynne jest przez ca\u0142y rok w dogodnych godzinach tj. 6:30-18:00.&nbsp;Z pewno\u015bci\u0105 pozwoli to Pa\u0144stwu bez problem\u00f3w organizowa\u0107 ka\u017cdy dzie\u0144. Cennik: Przedmiot op\u0142aty cena Czesne 1000 z\u0142 \/mies. Wpisowe* &nbsp;500 z\u0142 D\u0142u\u017csza (miesi\u0105c lub wi\u0119cej) absencja Dziecka w plac\u00f3wce 400 z\u0142 \/mies. * &#8211; op\u0142ata jednorazowa uiszczana w momencie podpisania umowy Dla Rodze\u0144stw obowi\u0105zuje sta\u0142a zni\u017cka ustalana przy podpisywaniu umowy.<\/p>\n","protected":false},"author":1,"featured_media":0,"parent":0,"menu_order":6,"comment_status":"closed","ping_status":"closed","template":"","meta":{"ngg_post_thumbnail":0},"_links":{"self":[{"href":"https:\/\/bzyczek.eu\/index.php?rest_route=\/wp\/v2\/pages\/127"}],"collection":[{"href":"https:\/\/bzyczek.eu\/index.php?rest_route=\/wp\/v2\/pages"}],"about":[{"href":"https:\/\/bzyczek.eu\/index.php?rest_route=\/wp\/v2\/types\/page"}],"author":[{"embeddable":true,"href":"https:\/\/bzyczek.eu\/index.php?rest_route=\/wp\/v2\/users\/1"}],"replies":[{"embeddable":true,"href":"https:\/\/bzyczek.eu\/index.php?rest_route=%2Fwp%2Fv2%2Fcomments&post=127"}],"version-history":[{"count":66,"href":"https:\/\/bzyczek.eu\/index.php?rest_route=\/wp\/v2\/pages\/127\/revisions"}],"predecessor-version":[{"id":3177,"href":"https:\/\/bzyczek.eu\/index.php?rest_route=\/wp\/v2\/pages\/127\/revisions\/3177"}],"wp:attachment":[{"href":"https:\/\/bzyczek.eu\/index.php?rest_route=%2Fwp%2Fv2%2Fmedia&parent=127"}],"curies":[{"name":"wp","href":"https:\/\/api.w.org\/{rel}","templated":true}]}}

<p class="MsoNormal">Proponujemy Państwa Dzieciom i Państwu ofertę jak najlepszą. Dokładamy wszelkich starań, by cena była przystępna, a jakość usług wysoka. Mamy nadzieję spełnić wszystkie Państwa oczekiwania.</p>



<p></p>



<p><br></p>



<p class="MsoNormal"><strong><span style="text-decoration: underline;"><span class="has-inline-color has-vivid-cyan-blue-color">Czesne obejmuje</span>:</span></strong></p>



<ul><li>całodzienne wyżywienie (śniadanie, obiad, podwieczorek)</li><li>realizację podstawy programowej wychowania przedszkolnego</li><li>naukę języka angielskiego</li><li>zajęcia korekcyjne</li><li>rytmikę</li><li>taniec</li><li>zajęcia informatyczno-programowe na tabletach</li><li>warsztaty teatralne</li><li>warsztaty kulinarne</li><li>warsztaty plastyczne</li><li>warsztaty ogólnoedukacyjne &#8211; poznawanie świata<br><br></li></ul>



<p class="has-vivid-purple-color has-text-color"><strong>Dodatkowe propozycje:</strong></p>



<ul><li>zajęcia logopedyczne</li><li>lego robotyka</li><li>zajęcia sportowe karate</li></ul>



<p><br></p>



<p>Nasze przedszkolaki mają do dyspozycji <strong><mark style="background-color:rgba(0, 0, 0, 0);color:#26d100" class="has-inline-color">największy w okolicy, zielony plac zabaw</mark></strong>.<br><br></p>



<p>Przedszkole &#8222;Bzyczek&#8221; czynne jest przez <strong><mark style="background-color:rgba(0, 0, 0, 0);color:#ec1212" class="has-inline-color">cały rok</mark></strong> w dogodnych godzinach tj. <strong><mark style="background-color:rgba(0, 0, 0, 0);color:#ec1212" class="has-inline-color">6:30-18:00</mark></strong>.&nbsp;<br>Z pewnością pozwoli to Państwu bez problemów organizować każdy dzień.<br><br></p>



<p class="has-cyan-bluish-gray-color has-text-color"><strong>Cennik:</strong></p>



<figure class="wp-block-table"><table><thead><tr><th scope="col">Przedmiot opłaty</th><th scope="col">cena</th></tr></thead><tbody><tr><td>Czesne</td><td>1000 zł /mies.</td></tr><tr><td>Wpisowe<sup>*</sup></td><td>&nbsp;500 zł</td></tr><tr><td>Dłuższa (miesiąc lub więcej) absencja Dziecka w placówce</td><td>400 zł /mies.</td></tr></tbody></table></figure>



<p><span style="font-size: 12pt; font-family: 'Times New Roman';"><br></span></p>



<p>* &#8211; opłata jednorazowa uiszczana w momencie podpisania umowy</p>



<p>Dla <span style="color: #008000;"><strong><span class="has-inline-color has-luminous-vivid-orange-color">Rodzeństw</span></strong></span> obowiązuje stała zniżka ustalana przy podpisywaniu umowy.</p>

<p>Proponujemy Państwa Dzieciom i Państwu ofertę jak najlepszą. Dokładamy wszelkich starań, by cena była przystępna, a jakość usług wysoka. Mamy nadzieję spełnić wszystkie Państwa oczekiwania. Czesne obejmuje: całodzienne wyżywienie (śniadanie, obiad, podwieczorek) realizację podstawy programowej wychowania przedszkolnego naukę języka angielskiego zajęcia korekcyjne rytmikę taniec zajęcia informatyczno-programowe na tabletach warsztaty teatralne warsztaty kulinarne warsztaty plastyczne warsztaty ogólnoedukacyjne &#8211; poznawanie świata Dodatkowe propozycje: zajęcia logopedyczne lego robotyka zajęcia sportowe karate Nasze przedszkolaki mają do dyspozycji największy w okolicy, zielony plac zabaw. Przedszkole &#8222;Bzyczek&#8221; czynne jest przez cały rok w dogodnych godzinach tj. 6:30-18:00.&nbsp;Z pewnością pozwoli to Państwu bez problemów organizować każdy dzień. Cennik: Przedmiot opłaty cena Czesne 1000 zł /mies. Wpisowe* &nbsp;500 zł Dłuższa (miesiąc lub więcej) absencja Dziecka w placówce 400 zł /mies. * &#8211; opłata jednorazowa uiszczana w momencie podpisania umowy Dla Rodzeństw obowiązuje stała zniżka ustalana przy podpisywaniu umowy.</p>
